 greatest common factor of 288 and 738.
18
What is the greatest common divisor of 279 and 17112?
93
What is the greatest common factor of 93 and 1958766?
93
Calculate the highest common divisor of 42173 and 543.
181
Calculate the greatest common divisor of 10 and 197370.
10
What is the highest common divisor of 860 and 19651?
43
What is the highest common divisor of 45513 and 637?
13
What is the highest common divisor of 214 and 90950?
214
Calculate the greatest common divisor of 429 and 107718.
39
What is the greatest common divisor of 3182 and 962?
74
What is the highest common divisor of 20806 and 3232?
202
What is the highest common factor of 2038120 and 840?
280
What is the greatest common divisor of 485450 and 700?
350
Calculate the highest common divisor of 1719 and 33425.
191
What is the greatest common factor of 7 and 1510915?
7
What is the highest common divisor of 11 and 699589?
11
Calculate the greatest common factor of 1750211 and 185.
37
What is the highest common factor of 306 and 36822?
102
What is the greatest common factor of 168 and 1347052?
28
What is the highest common divisor of 645 and 8981625?
645
Calculate the greatest common divisor of 245676 and 1032.
12
Calculate the highest common divisor of 2217 and 849.
3
What is the highest common divisor of 26966 and 291?
97
What is the greatest common factor of 585 and 11427?
39
Calculate the highest common divisor of 6 and 30063.
3
What is the greatest common factor of 630 and 210405?
15
What is the highest common factor of 1 and 9881?
1
What is the highest common factor of 1370 and 31373?
137
Calculate the highest common factor of 14612 and 48048.
52
What is the highest common divisor of 10516 and 4444?
44
What is the highest common divisor of 5810 and 1426936?
1162
Calculate the highest common divisor of 464878 and 2.
2
Calculate the highest common factor of 663 and 780.
39
What is the greatest common divisor of 252 and 22023?
9
Calculate the highest common factor of 284 and 17516.
4
Calculate the greatest common divisor of 20 and 1813920.
20
Calculate the highest common divisor of 71972 and 76.
76
What is the highest common factor of 738 and 20133?
9
Calculate the highest common divisor of 702 and 64935.
351
Calculate the highest common divisor of 14511 and 315.
21
What is the greatest common divisor of 2500 and 180?
20
Calculate the highest common factor of 590 and 500.
10
Calculate the highest common divisor of 15 and 24785.
5
What is the greatest common divisor of 91 and 46319?
91
Calculate the greatest common factor of 8000 and 5375.
125
What is the highest common divisor of 4761 and 22747?
529
What is the highest common factor of 759 and 216513?
33
What is the greatest common factor of 3455540 and 20?
20
Calculate the greatest common divisor of 9 and 886131.
9
What is the greatest common divisor of 594 and 563508?
198
Calculate the greatest common factor of 200633 and 12179.
641
Calculate the greatest common divisor of 258793 and 411.
137
Calculate the highest common divisor of 2701262 and 502.
502
What is the greatest common divisor of 826 and 14378?
14
Calculate the highest common divisor of 333 and 134523.
9
Calculate the greatest common divisor of 4966 and 5889.
13
Calculate the greatest common divisor of 141 and 73179.
141
What is the highest common divisor of 10 and 7040?
10
What is the greatest common divisor of 261312 and 144?
48
What is the greatest common factor of 56738 and 22?
22
Calculate the greatest common divisor of 3737 and 259.
37
What is the highest common factor of 3388 and 102608?
484
What is the greatest common factor of 504 and 16968?
168
What is the highest common divisor of 2444 and 761024?
188
What is the highest common divisor of 18 and 1216746?
18
What is the highest common divisor of 72 and 19224?
72
Calculate the greatest common factor of 269780 and 116235.
1435
What is the greatest common factor of 237272 and 399?
133
What is the greatest common divisor of 104690 and 50?
10
Calculate the greatest common factor of 382884 and 6.
6
Calculate the highest common divisor of 310768 and 16.
16
What is the highest common divisor of 65 and 198003?
13
Calculate the highest common divisor of 2377469 and 641.
641
Calculate the greatest common factor of 66 and 125169.
33
What is the highest common divisor of 21 and 110481?
21
What is the highest common divisor of 1413 and 105347?
157
Calculate the highest common factor of 52847 and 183121.
1229
Calculate the greatest common divisor of 50895 and 121800.
435
What is the highest common factor of 446068 and 356?
356
What is the greatest common divisor of 292 and 780662?
146
What is the greatest common divisor of 2303 and 1078?
49
Calculate the highest common factor of 126364 and 56.
28
What is the highest common factor of 34528 and 156?
52
Calculate the highest common divisor of 33392 and 1160.
8
Calculate the greatest common divisor of 286 and 51818.
26
What is the greatest common factor of 179469 and 8073?
621
Calculate the highest common divisor of 525 and 1075.
25
What is the highest common factor of 273 and 1298934?
273
Calculate the greatest common factor of 35741 and 2429.
347
Calculate the greatest common divisor of 56647 and 2738.
37
Calculate the highest common divisor of 11233 and 1880.
47
What is the greatest common factor of 52 and 228046?
26
Calculate the greatest common factor of 157453 and 38.
19
What is the highest common factor of 1915 and 25985?
5
What is the greatest common divisor of 2200 and 171776?
88
What is the highest common factor of 3183354 and 4008?
1002
What is the greatest common divisor of 100096 and 920?
184
What is the highest common factor of 9749 and 1?
1
Calculate the highest common divisor of 281489 and 1835.
367
Calculate the greatest common factor of 1392530 and 6550.
1310
What is the highest common factor of 81974 and 2584?
34
Calculate the greatest common factor of 558596 and 73.
73
What is the highest common divisor of 25135 and 220?
55
What is the highest common divisor of 561720 and 4920?
120
Calculate the highest common divisor of 82641 and 5379.
489
Calculate the greatest common factor of 189 and 97062.
21
What is the highest common divisor of 29 and 154367?
29
What is the highest common divisor of 27 and 63009?
9
What is the highest common factor of 1089 and 164802?
363
What is the greatest common factor of 9 and 2412495?
9
Calculate the highest common factor of 5000 and 2450.
50
What is the greatest common divisor of 7 and 40939?
1
Calculate the greatest common divisor of 2782 and 2041.
13
What is the greatest common divisor of 232587 and 4257?
387
Calculate the highest common divisor of 7761 and 6.
3
What is the greatest common factor of 16482 and 492?
246
Calculate the greatest common divisor of 440 and 50105.
55
What is the greatest common divisor of 37219 and 273?
91
Calculate the greatest common divisor of 6643 and 19418.
511
Calculate the highest common factor of 898978 and 46.
46
What is the highest common divisor of 476 and 605268?
68
Calculate the greatest common divisor of 6 and 4492206.
6
What is the highest common factor of 8897 and 301?
7
What is the greatest common factor of 40081 and 807?
269
What is the highest common factor of 2170 and 1470?
70
What is the greatest common factor of 133 and 36288?
7
Calculate the highest common divisor of 10956 and 2519.
11
Calculate the highest common factor of 462 and 862323.
231
Calculate the highest common divisor of 100 and 23225.
25
What is the greatest common factor of 7760582 and 109?
109
What is the highest common divisor of 737 and 4510?
11
What is the greatest common divisor of 91619 and 99?
11
What is the highest common factor of 7082 and 180?
2
Calculate the highest common divisor of 253 and 1672.
11
Calculate the greatest common factor of 119277 and 11745.
261
What is the highest common divisor of 1028 and 6836?
4
What is the greatest common divisor of 86592 and 9504?
1056
Calculate the highest common factor of 327276 and 36.
36
Calculate the highest common factor of 150 and 15425.
25
Calculate the greatest common divisor of 12871 and 3798.
211
Calculate the highest common factor of 760 and 3170.
10
What is the greatest common factor of 22890 and 336?
42
What is the highest common factor o